t are the prime factors of h?
19
Let j(f) = 2*f - 2*f - 7 + 2*f - f**2 + 6*f. List the prime factors of j(5).
2
Let m(j) = -j**2 + j + 4. Let g be m(0). Suppose -19 = -g*n + 45. List the prime factors of n.
2
Let q = -10 + 12. Suppose 0 = -q*j + 83 - 19. List the prime factors of j.
2
Let g = 8 - -3. List the prime factors of g.
11
Suppose 0 = -f + 3*f + 2*c - 6, f = -3*c + 5. Let a be 10/1*1/f. Suppose 1 = -3*g - a*h + 39, -3*g + 34 = 4*h. What are the prime factors of g?
2, 3
Let r(k) = -k**2 + 4*k + 2. Let j be r(4). Suppose -p - 3*q + 0 = 6, -j*p = 3*q + 3. Suppose 0 = -p*z + 19 + 8. List the prime factors of z.
3
Let d = 518 + -351. List the prime factors of d.
167
Suppose -5*b = -b + 4*a, 5*b + 3*a = 4. Suppose -7*t + b*t + 245 = 0. What are the prime factors of t?
7
Let b(y) = 0*y**2 + y**2 - 2*y + 3 - y. Let v be b(3). Suppose 6 = -v*i + 4*i. What are the prime factors of i?
2, 3
Let t(o) = -o**3 - 4*o**2 + o - 11. What are the prime factors of t(-5)?
3
Suppose p + 17 = 5*c - 11, 5*p = 10. Suppose o + o - c = 0. List the prime factors of o.
3
Let l be -4*((-2)/(-2) - 3). Let r = 12 - l. Let m = 1 + r. What are the prime factors of m?
5
Suppose y - 2*t = -10 + 42, 0 = 5*t + 15. What are the prime factors of y?
2, 13
Let s = -37 - -16. List the prime factors of (-6 + 0)*35/s.
2, 5
Suppose 4*l + 5*u = 407, -3*l - 2*u - 43 = -343. What are the prime factors of l?
2, 7
Suppose -3*r - 75 = 24. Let g = -16 - r. List the prime factors of g.
17
Let h = -34 + 61. What are the prime factors of h?
3
Let g = -120 + 175. What are the prime factors of g?
5, 11
Let m = 8 - 7. Let y(k) = -k**3 - k**2 + 5. Let g be y(0). Let f = g + m. List the prime factors of f.
2, 3
Let x = 121 - -18. What are the prime factors of x?
139
Suppose 4 - 24 = 4*g, 3 = 2*m + g. Suppose 8 = -2*x, -m*x - 22 = -b + x. Suppose b*d - 2 = 18. List the prime factors of d.
2, 5
Let h = -19 + 9. Let l(b) = 48*b**3 - 47*b**3 + 1 - 2*b - 16 + 10*b**2. List the prime factors of l(h).
5
Suppose 5*h + 5*f - 485 = -45, -4*h = -2*f - 334. Suppose 0 = 3*a + 5*t - 37, 0 = -4*a - 4*t + 3 + 33. Suppose -a*n - n = -h. What are the prime factors of n?
17
Let p = -47 + 137. What are the prime factors of p?
2, 3, 5
Let s be (17 - 2) + (0 - -1). Let a = -3 + s. List the prime factors of a.
13
Suppose -3*o + 14 = -7. Let t be 137/9 + (-10)/45. Let k = t - o. List the prime factors of k.
2
Let d(y) = y**2 + 11*y + 14. Let i be d(-12). Let k = i + -16. List the prime factors of (-6)/15 - (-144)/k.
2, 7
Let f(k) = -8*k - 1. Let w = -3 + 2. List the prime factors of f(w).
7
Let o be 2/5 + 954/15. Suppose c = -c + o. Suppose -3*x + c = x. What are the prime factors of x?
2
Let y = -506 + 895. List the prime factors of y.
389
Let h(f) = -f**2 - 13*f - 16. Let v be h(-11). List the prime factors of (-164)/12*v/(-2).
41
Let r(f) = f**3 + 3*f**2 - 2. Let d be r(-2). Suppose -5*h - 5*j + 35 = -25, -d*h - 5*j = -33. What are the prime factors of h?
3
Let z be 6/4*(-4)/(-6). Suppose 2*w - 15 = z. What are the prime factors of w?
2
Let q(f) = f**3 - 7*f**2 + 4*f + 10. What are the prime factors of q(7)?
2, 19
Let m = -24 + 35. Let h = 15 - m. Suppose -5*u + 2*k = -4 - 71, h*u + 2*k - 42 = 0. What are the prime factors of u?
13
What are the prime factors of (74/(-4))/((-1)/2)?
37
Let f be 11/(-77) - (-2)/14. Let w(q) = -q**2 + q - 18. Let g be w(f). List the prime factors of (-74)/(-6) - g/27.
13
Let v(m) = 2*m**2 - 6*m + 13. What are the prime factors of v(7)?
3, 23
Let h(r) = r**3 - 5*r**2 + r + 7. Let s be h(5). Let u be 0/(-1) + s + 3. Suppose 2*l + 15 = 4*j + j, 0 = l + 2*j - u. What are the prime factors of l?
5
Let a(d) = 2*d**2 + 4*d**2 + 7*d**2 - 22*d + 2 + 26*d. List the prime factors of a(-2).
2, 23
Suppose 2*a = -5*r + 563 + 27, -3*a + 225 = 2*r. What are the prime factors of r?
2, 3, 5
Suppose 2 = 4*m - 6. Suppose -m*z + 5*u - 11 = 0, z - 2*u + u = -1. Let b = 10 - z. List the prime factors of b.
2
What are the prime factors of -6*(-3 + 1 + 0)?
2, 3
Suppose -2 + 6 = -2*s. Let d be (-28)/s + 1 + -2. Let r = d + -7. What are the prime factors of r?
2, 3
What are the prime factors of (-26*21/3)/(-2)?
7, 13
Suppose 1 = -6*g + 253. List the prime factors of g.
2, 3, 7
Suppose 94 = -0*i + 2*i. Suppose 3*t - 7 = -h + i, 4*h + 39 = 3*t. Let u = -3 + t. What are the prime factors of u?
2, 7
Suppose -4*w = w. Let h = -2 + w. List the prime factors of (-410)/(-25) - h/(-5).
2
Suppose 3*q - 9 = 0, -5*q = -2*a - 0*q - 3. Let n(w) = 2 + w**3 + 4*w**2 + 0 - 10*w**2. What are the prime factors of n(a)?
2
Suppose -p + 3*x + 0*x + 8 = 0, 5*p - 5*x - 30 = 0. Let a = p + 33. List the prime factors of a.
2, 19
Let m = 3 - 2. Suppose -1 = n + m. What are the prime factors of n*-3*(-2)/(-4)?
3
Suppose 5*w = 4*o + 35, -2*w - 2*o = 3*w - 35. Let q(m) = w*m**2 + 0 + 2 + 8*m - m**2 - m**3. List the prime factors of q(7).
3
List the prime factors of (-6)/(-4) + 2802/12.
5, 47
Let f = 20 - 5. Suppose 7*b = -x + 4*b - 16, 5*b = 4*x + 13. Let m = f + x. What are the prime factors of m?
2
Let s(h) = h + 6. Let p(n) = n + 11. Let d be p(-11). What are the prime factors of s(d)?
2, 3
Let l = -69 + 43. Let y = l - -40. List the prime factors of y.
2, 7
Let o(q) = -q + 5. Let j be o(4). Let h = j + -17. Let s = h + 33. List the prime factors of s.
17
Suppose g = 4*g - 273. List the prime factors of g.
7, 13
What are the prime factors of (-5 - -7)/((-2)/(-14))?
2, 7
Let x(m) = 0*m + 3*m - 2 + 0. Let v be x(3). List the prime factors of v/(-2)*(-8 - -6).
7
Suppose c + 0*c + 4*z - 104 = 0, 227 = 3*c - 5*z. List the prime factors of -3 - -2*c/3.
53
Let b = -59 + 33. Let p = b + 50. List the prime factors of p.
2, 3
Let y = -57 + 83. List the prime factors of y.
2, 13
Let d = 19 + -13. Let b = 9 - d. Suppose -28 = -b*q - q. List the prime factors of q.
7
Let g(y) = y**2 + 4*y - 6. Let n(u) = 3*u**2 + 13*u - 18. Let v(i) = 7*g(i) - 2*n(i). List the prime factors of v(-7).
29
Let h = 52 + -16. What are the prime factors of h?
2, 3
Let b(x) = 3*x - 21. Let k be b(15). Suppose -k = -2*o - 4*v, 0 = 4*o - o + 2*v - 20. What are the prime factors of o?
2
Suppose b - 3 = 1. Suppose -6 = 5*o + b. List the prime factors of (0 + 0)/o - -16.
2
Suppose -23 = g + 5*m, -3*g = -5*m - 20 - 11. Suppose -g = -3*r + 13. List the prime factors of r.
5
Let y(n) = n**3 + n**2 - n + 1. Let p be y(2). Suppose -6*d - 125 = -p*d. What are the prime factors of d?
5
Let g(j) = -j. Let l be g(-1). Let n be ((-1)/3)/(l/(-15)). Suppose n*x - 9 = 11. What are the prime factors of x?
2
Suppose 0 = -h - 2*h + 123. List the prime factors of h.
41
Suppose 8 = b - 0*b. What are the prime factors of b?
2
Let v = -9 - -11. Suppose -4*j + 112 = v*s, -3*s = s - 16. List the prime factors of j.
2, 13
Suppose -3*a + 151 = -2*a - 4*b, 5*a - 774 = b. List the prime factors of a.
5, 31
Let q(r) = -r**3 - 6*r**2 + 12*r + 10. Let k be q(-8). Let h = k + -25. What are the prime factors of h?
17
Let k(w) = 6*w. Let i = -11 + 17. List the prime factors of k(i).
2, 3
Let x(i) = 6 - 4 + 9*i**2 + 7 - i**3. Suppose a - 4*a + 27 = 0. What are the prime factors of x(a)?
3
Let u(d) = 27*d - 3. Let s be u(-5). What are the prime factors of (2/3)/((-4)/s)?
23
What are the prime factors of -83*((-8)/(-3) + -3)*3?
83
Suppose 2*j + 3*j = 295. What are the prime factors of j?
59
Let p(x) = -x**3 - 4*x**2 + 4*x - 6. What are the prime factors of p(-7)?
113
Let p = 9 + -6. Let y = 5 - p. List the prime factors of y.
2
Let z(p) = -31*p + 1. Let b be z(-1). List the prime factors of (-24)/b + 214/8.
2, 13
Suppose 5*i - 306 = -4*i. List the prime factors of i.
2, 17
Suppose 5*s = s + 16. Suppose 7 = q - s*o, 0 = -2*q + 3*q - 2*o - 15. Suppose -f = -4*v - q - 1, 4*v = -12. List the prime factors of f.
2, 3
Suppose -q + 2*r - 78 = 0, 0 = 3*q - 0*r + 2*r + 194. Let g = q - -140. Suppose g = 4*i + 2*o, -i - 4*o = -2*i + 9. List the prime factors of i.
17
Let s = 26 - 14. What are the prime factors of 6/s*(-30)/(-1)?
3, 5
List the prime factors of 1*((-900)/(-6) + -5).
5, 29
Let t(w) = 1 + 2*w + 10 - 5*w. List the prime factors of t(-7).
2
Suppose c + 33 = 7. Let q = -13 - c. What are the prime factors of q?
13
Let o(u) = 6*u**3 - 31*u**2 + 26*u + 26. Let c(y) = -y**3 + 6*y**2 - 5*y - 5. Let a(d) = -11*c(d) 